{"id":1133,"date":"2025-04-12T18:47:18","date_gmt":"2025-04-12T17:47:18","guid":{"rendered":"https:\/\/unis.hr\/shop\/?post_type=product&#038;p=1133"},"modified":"2025-04-12T18:47:18","modified_gmt":"2025-04-12T17:47:18","slug":"brtva-za-vrata-i-prozore-geko","status":"publish","type":"product","link":"https:\/\/unis.hr\/shop\/product\/brtva-za-vrata-i-prozore-geko\/","title":{"rendered":"Brtva za vrata i prozore &#8211; GEKO"},"content":{"rendered":"<p>Dimenzije:<\/p>\n<p>&#8211; 9 x 4 mm | 6 m (2 x 3 m), bijela<\/p>\n<p>&#8211; 9 x 4 mm | 6 m (2 x 3 m), sme\u0111a<\/p>\n<p>&#8211; 9 x 4 mm | 6 m (2 x 3 m), crna<\/p>\n","protected":false},"excerpt":{"rendered":"<p>GEKO STRIP &#8221;E&#8221; profilna brtva; samoljepiva izoliraju\u0107a brtva od ekstrudirane EPDM gume pogodna za sva vrata i prozore; \u0161titi od hladno\u0107e, propuha i vlage te \u0161tedi energiju; vrlo fleksibilna; jednostavna i brza instalacija; za procjepe od 1 do 3,5 mm; trajnost do 8 godina;<\/p>\n","protected":false},"featured_media":1136,"template":"","meta":{"pagelayer_contact_templates":[],"_pagelayer_content":""},"product_brand":[185],"product_cat":[33],"product_tag":[186,187],"class_list":{"0":"post-1133","1":"product","2":"type-product","3":"status-publish","4":"has-post-thumbnail","6":"product_brand-geko-italija","7":"product_cat-pribor_za_vrata","8":"product_tag-brtva","9":"product_tag-geko","11":"first","12":"instock","13":"shipping-taxable","14":"purchasable","15":"product-type-simple"},"jetpack_sharing_enabled":true,"_links":{"self":[{"href":"https:\/\/unis.hr\/shop\/wp-json\/wp\/v2\/product\/1133","targetHints":{"allow":["GET"]}}],"collection":[{"href":"https:\/\/unis.hr\/shop\/wp-json\/wp\/v2\/product"}],"about":[{"href":"https:\/\/unis.hr\/shop\/wp-json\/wp\/v2\/types\/product"}],"wp:featuredmedia":[{"embeddable":true,"href":"https:\/\/unis.hr\/shop\/wp-json\/wp\/v2\/media\/1136"}],"wp:attachment":[{"href":"https:\/\/unis.hr\/shop\/wp-json\/wp\/v2\/media?parent=1133"}],"wp:term":[{"taxonomy":"product_brand","embeddable":true,"href":"https:\/\/unis.hr\/shop\/wp-json\/wp\/v2\/product_brand?post=1133"},{"taxonomy":"product_cat","embeddable":true,"href":"https:\/\/unis.hr\/shop\/wp-json\/wp\/v2\/product_cat?post=1133"},{"taxonomy":"product_tag","embeddable":true,"href":"https:\/\/unis.hr\/shop\/wp-json\/wp\/v2\/product_tag?post=1133"}],"curies":[{"name":"wp","href":"https:\/\/api.w.org\/{rel}","templated":true}]}}