{"id":855,"date":"2025-04-03T15:51:50","date_gmt":"2025-04-03T14:51:50","guid":{"rendered":"https:\/\/unis.hr\/shop\/?page_id=855"},"modified":"2025-04-03T15:58:21","modified_gmt":"2025-04-03T14:58:21","slug":"about","status":"publish","type":"page","link":"https:\/\/unis.hr\/shop\/about\/","title":{"rendered":"O nama"},"content":{"rendered":"\t\t<div data-elementor-type=\"wp-page\" data-elementor-id=\"855\" class=\"elementor elementor-855\">\n\t\t\t\t<div class=\"elementor-element elementor-element-56aec125 e-flex e-con-boxed e-con e-parent\" data-id=\"56aec125\" data-element_type=\"container\" data-e-type=\"container\">\n\t\t\t\t\t<div class=\"e-con-inner\">\n\t\t\t\t<div class=\"elementor-element elementor-element-43a06b50 elementor-widget elementor-widget-text-editor\" data-id=\"43a06b50\" data-element_type=\"widget\" data-e-type=\"widget\" data-widget_type=\"text-editor.default\">\n\t\t\t\t<div class=\"elementor-widget-container\"><h2 class=\"wp-block-heading\">\u0160to radimo<\/h2><p>Definicija doma je jednostavna: to je sigurno mjesto, puno voljenih osoba i stvoreno za odmor. Vjerujemo da ne bi trebalo biti ni\u0161ta vi\u0161e od toga. Dok tehnologija uslo\u017enjava sustave u na\u0161em svakodnevnom \u017eivotu, ulo\u017eili smo u izgradnju rje\u0161enja za pojednostavljenje mjesta koje nazivamo domom. Ovdje smo da vam pomognemo povezati se s mjestima u kojima \u017eivite, bez obzira kamo idete, tako da zaista mo\u017eete \u017eivjeti u trenutku. Bez brige&#8230;<\/p><h2 class=\"wp-block-heading\">Na\u0161a misija<\/h2><p>Na\u0161a misija je pomo\u0107i vam izgraditi najjednostavniji i najpouzdaniji dom, ba\u0161 kakav vi \u017eelite. Osje\u0107ajte se sigurno u svom domu, \u010dak i kada niste tamo&#8230;<\/p><h2 class=\"wp-block-heading\">Pri\u010da o na\u0161oj robnoj marki<\/h2><p>UNIS je specijalizirana tvrtka za projektiranje, proizvodnju i prodaju proizvoda baziranih na sigurnosnim rje\u0161enjima koja nalaze \u0161iroku primjenu u za\u0161titi doma i poslovnih objekata. Konstantan i postupan razvoj tvrtke prilago\u0111avao se ponudi i zahtjevima tr\u017ei\u0161ta, \u0161to je rezultiralo izuzetno \u0161irokim i pomno odabranim asortimanom vrhunskih proizvoda provjerene kvalitete ali istovremeno i prihvatljive cijene.<br \/>Dugi niz godina osiguravamo upori\u0161te u najsuvremenijoj tehnologiji proizvodnje ulaznih i protuprovalnih vrata a inovativnim rje\u0161enjima smart kontrole pristupa \u017eelimo pobolj\u0161ati \u017eivote potro\u0161a\u010da kroz iskustva pametnog doma.<\/p>\n<p>\u00a0<\/p>\n<p>\u00a0<\/p>\n<p>\u00a0<\/p>\n<p>\u00a0<\/p><p>\u00a0<\/p>\t\t\t\t\t\t\t\t<\/div>\n\t\t\t\t<\/div>\n\t\t\t\t\t<\/div>\n\t\t\t\t<\/div>\t\t<\/div>\n\t\t","protected":false},"excerpt":{"rendered":"<p>\u0160to radimo Definicija doma je jednostavna: to je sigurno mjesto, puno voljenih osoba i stvoreno za odmor. Vjerujemo da ne bi trebalo biti ni\u0161ta vi\u0161e od toga. Dok tehnologija uslo\u017enjava sustave u na\u0161em svakodnevnom \u017eivotu, ulo\u017eili smo u izgradnju rje\u0161enja za pojednostavljenje mjesta koje nazivamo domom. Ovdje smo da vam pomognemo povezati se s mjestima u kojima \u017eivite, bez obzira kamo idete, tako da zaista mo\u017eete \u017eivjeti u trenutku. Bez&hellip;<\/p>\n","protected":false},"author":1,"featured_media":0,"parent":0,"menu_order":0,"comment_status":"closed","ping_status":"closed","template":"","meta":{"pagelayer_contact_templates":[],"_pagelayer_content":"","footnotes":""},"class_list":["post-855","page","type-page","status-publish","hentry"],"jetpack_sharing_enabled":true,"_links":{"self":[{"href":"https:\/\/unis.hr\/shop\/wp-json\/wp\/v2\/pages\/855","targetHints":{"allow":["GET"]}}],"collection":[{"href":"https:\/\/unis.hr\/shop\/wp-json\/wp\/v2\/pages"}],"about":[{"href":"https:\/\/unis.hr\/shop\/wp-json\/wp\/v2\/types\/page"}],"author":[{"embeddable":true,"href":"https:\/\/unis.hr\/shop\/wp-json\/wp\/v2\/users\/1"}],"replies":[{"embeddable":true,"href":"https:\/\/unis.hr\/shop\/wp-json\/wp\/v2\/comments?post=855"}],"version-history":[{"count":11,"href":"https:\/\/unis.hr\/shop\/wp-json\/wp\/v2\/pages\/855\/revisions"}],"predecessor-version":[{"id":1664,"href":"https:\/\/unis.hr\/shop\/wp-json\/wp\/v2\/pages\/855\/revisions\/1664"}],"wp:attachment":[{"href":"https:\/\/unis.hr\/shop\/wp-json\/wp\/v2\/media?parent=855"}],"curies":[{"name":"wp","href":"https:\/\/api.w.org\/{rel}","templated":true}]}}